{"id":253021,"date":"2022-10-05T14:15:23","date_gmt":"2022-10-05T12:15:23","guid":{"rendered":"https:\/\/www.magirus-lohr.at\/homepage\/?page_id=253021"},"modified":"2025-11-06T10:43:52","modified_gmt":"2025-11-06T09:43:52","slug":"lehrlinge","status":"publish","type":"page","link":"https:\/\/www.magirus-lohr.at\/homepage\/lehrlinge\/","title":{"rendered":"Lehrlinge"},"content":{"rendered":"<p>[et_pb_section fb_built=&#8220;1&#8243; fullwidth=&#8220;on&#8220; _builder_version=&#8220;4.16&#8243; _module_preset=&#8220;default&#8220; global_colors_info=&#8220;{}&#8220;][et_pb_fullwidth_image src=&#8220;https:\/\/www.magirus-lohr.at\/homepage\/wp-content\/uploads\/2025\/01\/Magirus_2025_Website-Header_3040x1188-001.jpg&#8220; title_text=&#8220;Magirus_2025_Website-Header&#8220; src_tablet=&#8220;https:\/\/www.magirus-lohr.at\/homepage\/wp-content\/uploads\/2022\/10\/HP_Lehrberufe_Header-scaled.jpg&#8220; src_phone=&#8220;https:\/\/www.magirus-lohr.at\/homepage\/wp-content\/uploads\/2022\/10\/HP_Lehrberufe_Header-scaled.jpg&#8220; src_last_edited=&#8220;on|phone&#8220; _builder_version=&#8220;4.27.4&#8243; _module_preset=&#8220;default&#8220; width=&#8220;100%&#8220; width_tablet=&#8220;100%&#8220; width_phone=&#8220;100%&#8220; width_last_edited=&#8220;on|phone&#8220; max_width=&#8220;1600px&#8220; max_width_tablet=&#8220;100%&#8220; max_width_phone=&#8220;100%&#8220; max_width_last_edited=&#8220;off|phone&#8220; module_alignment=&#8220;center&#8220; min_height=&#8220;140px&#8220; custom_margin=&#8220;0px|41px||40px|false|false&#8220; custom_margin_tablet=&#8220;-9px||||false|false&#8220; custom_margin_phone=&#8220;&#8220; custom_margin_last_edited=&#8220;on|phone&#8220; custom_padding=&#8220;79px||3px||false|false&#8220; global_colors_info=&#8220;{}&#8220;][\/et_pb_fullwidth_image][\/et_pb_section][et_pb_section fb_built=&#8220;1&#8243; _builder_version=&#8220;4.16&#8243; _module_preset=&#8220;default&#8220; min_height=&#8220;1160.9px&#8220; global_colors_info=&#8220;{}&#8220;][et_pb_row _builder_version=&#8220;4.16&#8243; _module_preset=&#8220;default&#8220; min_height=&#8220;177px&#8220; global_colors_info=&#8220;{}&#8220;][et_pb_column type=&#8220;4_4&#8243; _builder_version=&#8220;4.16&#8243; _module_preset=&#8220;default&#8220; global_colors_info=&#8220;{}&#8220;][et_pb_text _builder_version=&#8220;4.27.4&#8243; _module_preset=&#8220;default&#8220; text_font=&#8220;Arial||||||||&#8220; text_text_color=&#8220;#3a3a3a&#8220; link_font=&#8220;Arial||||||||&#8220; ul_font=&#8220;Arial||||||||&#8220; ol_font=&#8220;Arial||||||||&#8220; quote_font=&#8220;Arial||||||||&#8220; header_font=&#8220;Arial||||||||&#8220; header_text_color=&#8220;#3a3a3a&#8220; header_2_font=&#8220;Arial||||||||&#8220; header_3_font=&#8220;Arial||||||||&#8220; header_4_font=&#8220;Arial||||||||&#8220; header_5_font=&#8220;Arial||||||||&#8220; header_6_font=&#8220;Arial||||||||&#8220; custom_margin=&#8220;-27px||-62px||false|false&#8220; custom_padding=&#8220;0px||||false|false&#8220; global_colors_info=&#8220;{}&#8220;]<\/p>\n<div class=\"et_pb_module et_pb_text et_pb_text_1  et_pb_text_align_left et_pb_bg_layout_light\" style=\"box-sizing: border-box; margin: 0px 0px -8px; border: 0px; outline: 0px; font-size: 14px; text-size-adjust: 100%; vertical-align: baseline; background: 50% center \/ cover no-repeat #ffffff; overflow-wrap: break-word; text-align: left; animation-timing-function: linear; animation-duration: 0.2s; color: #666666; font-family: 'Open Sans', Helvetica, Arial, Lucida, sans-serif; font-style: normal; font-variant-ligatures: normal; font-variant-caps: normal; font-weight: 500; letter-spacing: normal; orphans: 2; text-indent: 0px; text-transform: none; white-space: normal; widows: 2; word-spacing: 0px; -webkit-text-stroke-width: 0px; text-decoration-style: initial; text-decoration-color: initial; padding: 19px !important 0px 0px 0px;\">\n<div class=\"et_pb_text_inner\" style=\"box-sizing: border-box; margin: 0px; padding: 0px; border: 0px; outline: 0px; font-size: 14px; text-size-adjust: 100%; vertical-align: baseline; background: transparent; position: relative;\">\n<article id=\"c9296\" style=\"box-sizing: border-box; display: block;\">\n<div class=\"component_text_img_normal\" style=\"box-sizing: border-box; margin: 0px; padding: 0px; border: 0px; outline: 0px; font-size: 14px; text-size-adjust: 100%; vertical-align: baseline; background: transparent;\">\n<div class=\"csc-header csc-header-n2\" style=\"box-sizing: border-box; margin: 0px; padding: 0px; border: 0px; outline: 0px; font-size: 14px; text-size-adjust: 100%; vertical-align: baseline; background: transparent;\">\n<h1 class=\"page_header\" style=\"box-sizing: border-box; margin: 0px; padding: 0px 0px 10px; border: 0px; outline: 0px; font-size: 30px; text-size-adjust: 100%; vertical-align: baseline; background: transparent; color: #333333; line-height: 1.3em; font-weight: 500; font-family: 'Open Sans', Helvetica, Arial, Lucida, sans-serif; text-transform: uppercase; text-align: center;\"><strong>Lehre BEI MAGIRUS Lohr<\/strong><\/h1>\n<\/div>\n<p><span style=\"color: #000000;\">Unsere Lehrlinge von heute sind unsere Fachkr\u00e4fte von morgen. Weil wir das wissen, legen wir gro\u00dfen Wert auf eine vielseitige und umfassende Lehrlingsausbildung. Bei uns kann man praxisorientiert arbeiten und bekommt laufend Unterst\u00fctzung und Anleitung von unseren Lehrlingsausbildern. Mit langj\u00e4hriger Erfahrung setzen wir alles daran, unsere Lehrlinge zukunftsorientiert auszubilden, um die innovativsten und zuverl\u00e4ssigsten Feuerwehrfahrzeuge und Einsatzroboter zu bauen, die Leben retten.<\/span><\/p>\n<p><span style=\"color: #000000;\">Werde Teil eines starken Teams und lebe mit uns die Begeisterung, weltweit Einsatzkr\u00e4fte bei ihrer t\u00e4glichen Arbeit zu unterst\u00fctzen.<\/span><\/p>\n<p><span style=\"color: #000000;\">Gleich bewerben:<\/span><br \/><strong><span style=\"color: #ff0000;\"><a href=\"mailto:graz-lehrlinge@magirusgroup.com\" style=\"color: #ff0000;\">graz-lehrlinge@magirusgroup.com<\/a><\/span><\/strong><\/p>\n<p>&nbsp;<\/p>\n<p style=\"box-sizing: border-box; margin: 0px; padding: 0px; border: 0px; outline: 0px; font-size: 14px; text-size-adjust: 100%; vertical-align: baseline; background: transparent;\"><a href=\"mailto:graz-bewerbung@cnhind.com\"><\/a><\/p>\n<\/div>\n<\/article>\n<\/div>\n<\/div>\n<p>[\/et_pb_text][\/et_pb_column][\/et_pb_row][et_pb_row _builder_version=&#8220;4.16&#8243; _module_preset=&#8220;default&#8220; global_colors_info=&#8220;{}&#8220;][et_pb_column type=&#8220;4_4&#8243; _builder_version=&#8220;4.16&#8243; _module_preset=&#8220;default&#8220; global_colors_info=&#8220;{}&#8220;][\/et_pb_column][\/et_pb_row][et_pb_row column_structure=&#8220;1_4,1_4,1_4,1_4&#8243; _builder_version=&#8220;4.16&#8243; _module_preset=&#8220;default&#8220; global_colors_info=&#8220;{}&#8220;][et_pb_column type=&#8220;1_4&#8243; _builder_version=&#8220;4.16&#8243; _module_preset=&#8220;default&#8220; global_colors_info=&#8220;{}&#8220;][et_pb_blurb title=&#8220;Fahrzeugbautechniker\/In (m\/w\/d)&#8220; image=&#8220;https:\/\/www.magirus-lohr.at\/homepage\/wp-content\/uploads\/2024\/04\/Postings_Lehrlinge_Magrius9x16_ohneBadge_FZGB.jpg&#8220; _builder_version=&#8220;4.27.4&#8243; _module_preset=&#8220;default&#8220; header_level=&#8220;h6&#8243; header_font=&#8220;Arial||||||||&#8220; header_font_size=&#8220;23px&#8220; hover_enabled=&#8220;0&#8243; global_colors_info=&#8220;{}&#8220; sticky_enabled=&#8220;0&#8243;]<\/p>\n<p><a href=\"https:\/\/www.magirus-lohr.at\/homepage\/wp-content\/uploads\/2022\/10\/Fahrzeugbautechnik.pdf\"><strong><span style=\"color: #ff0000;\">mehr&#8230;<\/span><\/strong><\/a><\/p>\n<p>[\/et_pb_blurb][\/et_pb_column][et_pb_column type=&#8220;1_4&#8243; _builder_version=&#8220;4.16&#8243; _module_preset=&#8220;default&#8220; global_colors_info=&#8220;{}&#8220;][et_pb_blurb title=&#8220;KFZ &#8211; Techniker\/In im Schwerpunkt Elektrik\/Elektronik (m\/w\/d)&#8220; url=&#8220;@ET-DC@eyJkeW5hbWljIjp0cnVlLCJjb250ZW50IjoicG9zdF9saW5rX3VybF9hdHRhY2htZW50Iiwic2V0dGluZ3MiOnsicG9zdF9pZCI6IjI1MzA0MCJ9fQ==@&#8220; image=&#8220;https:\/\/www.magirus-lohr.at\/homepage\/wp-content\/uploads\/2024\/04\/Postings_Lehrlinge_Magrius9x16_ohneBadge2_KFZ.jpg&#8220; _builder_version=&#8220;4.24.3&#8243; _dynamic_attributes=&#8220;url&#8220; _module_preset=&#8220;default&#8220; header_level=&#8220;h1&#8243; header_font=&#8220;Arial||||||||&#8220; header_font_size=&#8220;23px&#8220; body_font=&#8220;Arial||||||||&#8220; body_link_font=&#8220;Arial||||||||&#8220; body_ul_font=&#8220;Arial||||||||&#8220; body_ol_font=&#8220;Arial||||||||&#8220; body_quote_font=&#8220;Arial||||||||&#8220; global_colors_info=&#8220;{}&#8220;]<\/p>\n<p><strong><span style=\"color: #ff0000;\"><a href=\"https:\/\/www.magirus-lohr.at\/homepage\/wp-content\/uploads\/2022\/10\/KFZ-Technik.pdf\" style=\"color: #ff0000;\">mehr&#8230;<\/a><\/span><\/strong><\/p>\n<p>[\/et_pb_blurb][\/et_pb_column][et_pb_column type=&#8220;1_4&#8243; _builder_version=&#8220;4.16&#8243; _module_preset=&#8220;default&#8220; global_colors_info=&#8220;{}&#8220;][\/et_pb_column][et_pb_column type=&#8220;1_4&#8243; _builder_version=&#8220;4.16&#8243; _module_preset=&#8220;default&#8220; global_colors_info=&#8220;{}&#8220;][\/et_pb_column][\/et_pb_row][\/et_pb_section]<\/p>\n","protected":false},"excerpt":{"rendered":"<p>Lehre BEI MAGIRUS Lohr Unsere Lehrlinge von heute sind unsere Fachkr\u00e4fte von morgen. Weil wir das wissen, legen wir gro\u00dfen Wert auf eine vielseitige und umfassende Lehrlingsausbildung. Bei uns kann man praxisorientiert arbeiten und bekommt laufend Unterst\u00fctzung und Anleitung von unseren Lehrlingsausbildern. Mit langj\u00e4hriger Erfahrung setzen wir alles daran, unsere Lehrlinge zukunftsorientiert auszubilden, um die [&hellip;]<\/p>\n","protected":false},"author":2,"featured_media":0,"parent":0,"menu_order":0,"comment_status":"closed","ping_status":"closed","template":"","meta":{"_et_pb_use_builder":"on","_et_pb_old_content":"","_et_gb_content_width":"","footnotes":""},"class_list":["post-253021","page","type-page","status-publish","hentry"],"yoast_head":"<!-- This site is optimized with the Yoast SEO plugin v27.1.1 - https:\/\/yoast.com\/product\/yoast-seo-wordpress\/ -->\n<title>Lehrlinge - Magirus - Lohr GmbH<\/title>\n<meta name=\"robots\" content=\"index, follow, max-snippet:-1, max-image-preview:large, max-video-preview:-1\" \/>\n<link rel=\"canonical\" href=\"https:\/\/www.magirus-lohr.at\/homepage\/lehrlinge\/\" \/>\n<meta property=\"og:locale\" content=\"de_DE\" \/>\n<meta property=\"og:type\" content=\"article\" \/>\n<meta property=\"og:title\" content=\"Lehrlinge - Magirus - Lohr GmbH\" \/>\n<meta property=\"og:description\" content=\"Lehre BEI MAGIRUS Lohr Unsere Lehrlinge von heute sind unsere Fachkr\u00e4fte von morgen. Weil wir das wissen, legen wir gro\u00dfen Wert auf eine vielseitige und umfassende Lehrlingsausbildung. Bei uns kann man praxisorientiert arbeiten und bekommt laufend Unterst\u00fctzung und Anleitung von unseren Lehrlingsausbildern. Mit langj\u00e4hriger Erfahrung setzen wir alles daran, unsere Lehrlinge zukunftsorientiert auszubilden, um die [&hellip;]\" \/>\n<meta property=\"og:url\" content=\"https:\/\/www.magirus-lohr.at\/homepage\/lehrlinge\/\" \/>\n<meta property=\"og:site_name\" content=\"Magirus - Lohr GmbH\" \/>\n<meta property=\"article:publisher\" content=\"https:\/\/www.facebook.com\/magiruslohr\/\" \/>\n<meta property=\"article:modified_time\" content=\"2025-11-06T09:43:52+00:00\" \/>\n<meta name=\"twitter:card\" content=\"summary_large_image\" \/>\n<meta name=\"twitter:label1\" content=\"Gesch\u00e4tzte Lesezeit\" \/>\n\t<meta name=\"twitter:data1\" content=\"2\u00a0Minuten\" \/>\n<script type=\"application\/ld+json\" class=\"yoast-schema-graph\">{\"@context\":\"https:\/\/schema.org\",\"@graph\":[{\"@type\":\"WebPage\",\"@id\":\"https:\/\/www.magirus-lohr.at\/homepage\/lehrlinge\/\",\"url\":\"https:\/\/www.magirus-lohr.at\/homepage\/lehrlinge\/\",\"name\":\"Lehrlinge - Magirus - Lohr GmbH\",\"isPartOf\":{\"@id\":\"https:\/\/www.magirus-lohr.at\/homepage\/#website\"},\"datePublished\":\"2022-10-05T12:15:23+00:00\",\"dateModified\":\"2025-11-06T09:43:52+00:00\",\"breadcrumb\":{\"@id\":\"https:\/\/www.magirus-lohr.at\/homepage\/lehrlinge\/#breadcrumb\"},\"inLanguage\":\"de\",\"potentialAction\":[{\"@type\":\"ReadAction\",\"target\":[\"https:\/\/www.magirus-lohr.at\/homepage\/lehrlinge\/\"]}]},{\"@type\":\"BreadcrumbList\",\"@id\":\"https:\/\/www.magirus-lohr.at\/homepage\/lehrlinge\/#breadcrumb\",\"itemListElement\":[{\"@type\":\"ListItem\",\"position\":1,\"name\":\"Startseite\",\"item\":\"https:\/\/www.magirus-lohr.at\/homepage\/\"},{\"@type\":\"ListItem\",\"position\":2,\"name\":\"Lehrlinge\"}]},{\"@type\":\"WebSite\",\"@id\":\"https:\/\/www.magirus-lohr.at\/homepage\/#website\",\"url\":\"https:\/\/www.magirus-lohr.at\/homepage\/\",\"name\":\"Magirus - Lohr GmbH\",\"description\":\"Serving Heroes. Since 1864.\",\"publisher\":{\"@id\":\"https:\/\/www.magirus-lohr.at\/homepage\/#organization\"},\"potentialAction\":[{\"@type\":\"SearchAction\",\"target\":{\"@type\":\"EntryPoint\",\"urlTemplate\":\"https:\/\/www.magirus-lohr.at\/homepage\/?s={search_term_string}\"},\"query-input\":{\"@type\":\"PropertyValueSpecification\",\"valueRequired\":true,\"valueName\":\"search_term_string\"}}],\"inLanguage\":\"de\"},{\"@type\":\"Organization\",\"@id\":\"https:\/\/www.magirus-lohr.at\/homepage\/#organization\",\"name\":\"Magirus Lohr GmbH\",\"url\":\"https:\/\/www.magirus-lohr.at\/homepage\/\",\"logo\":{\"@type\":\"ImageObject\",\"inLanguage\":\"de\",\"@id\":\"https:\/\/www.magirus-lohr.at\/homepage\/#\/schema\/logo\/image\/\",\"url\":\"https:\/\/www.magirus-lohr.at\/homepage\/wp-content\/uploads\/2020\/12\/Magirus_Lohr_RGB1.png\",\"contentUrl\":\"https:\/\/www.magirus-lohr.at\/homepage\/wp-content\/uploads\/2020\/12\/Magirus_Lohr_RGB1.png\",\"width\":1006,\"height\":225,\"caption\":\"Magirus Lohr GmbH\"},\"image\":{\"@id\":\"https:\/\/www.magirus-lohr.at\/homepage\/#\/schema\/logo\/image\/\"},\"sameAs\":[\"https:\/\/www.facebook.com\/magiruslohr\/\"]}]}<\/script>\n<!-- \/ Yoast SEO plugin. -->","yoast_head_json":{"title":"Lehrlinge - Magirus - Lohr GmbH","robots":{"index":"index","follow":"follow","max-snippet":"max-snippet:-1","max-image-preview":"max-image-preview:large","max-video-preview":"max-video-preview:-1"},"canonical":"https:\/\/www.magirus-lohr.at\/homepage\/lehrlinge\/","og_locale":"de_DE","og_type":"article","og_title":"Lehrlinge - Magirus - Lohr GmbH","og_description":"Lehre BEI MAGIRUS Lohr Unsere Lehrlinge von heute sind unsere Fachkr\u00e4fte von morgen. Weil wir das wissen, legen wir gro\u00dfen Wert auf eine vielseitige und umfassende Lehrlingsausbildung. Bei uns kann man praxisorientiert arbeiten und bekommt laufend Unterst\u00fctzung und Anleitung von unseren Lehrlingsausbildern. Mit langj\u00e4hriger Erfahrung setzen wir alles daran, unsere Lehrlinge zukunftsorientiert auszubilden, um die [&hellip;]","og_url":"https:\/\/www.magirus-lohr.at\/homepage\/lehrlinge\/","og_site_name":"Magirus - Lohr GmbH","article_publisher":"https:\/\/www.facebook.com\/magiruslohr\/","article_modified_time":"2025-11-06T09:43:52+00:00","twitter_card":"summary_large_image","twitter_misc":{"Gesch\u00e4tzte Lesezeit":"2\u00a0Minuten"},"schema":{"@context":"https:\/\/schema.org","@graph":[{"@type":"WebPage","@id":"https:\/\/www.magirus-lohr.at\/homepage\/lehrlinge\/","url":"https:\/\/www.magirus-lohr.at\/homepage\/lehrlinge\/","name":"Lehrlinge - Magirus - Lohr GmbH","isPartOf":{"@id":"https:\/\/www.magirus-lohr.at\/homepage\/#website"},"datePublished":"2022-10-05T12:15:23+00:00","dateModified":"2025-11-06T09:43:52+00:00","breadcrumb":{"@id":"https:\/\/www.magirus-lohr.at\/homepage\/lehrlinge\/#breadcrumb"},"inLanguage":"de","potentialAction":[{"@type":"ReadAction","target":["https:\/\/www.magirus-lohr.at\/homepage\/lehrlinge\/"]}]},{"@type":"BreadcrumbList","@id":"https:\/\/www.magirus-lohr.at\/homepage\/lehrlinge\/#breadcrumb","itemListElement":[{"@type":"ListItem","position":1,"name":"Startseite","item":"https:\/\/www.magirus-lohr.at\/homepage\/"},{"@type":"ListItem","position":2,"name":"Lehrlinge"}]},{"@type":"WebSite","@id":"https:\/\/www.magirus-lohr.at\/homepage\/#website","url":"https:\/\/www.magirus-lohr.at\/homepage\/","name":"Magirus - Lohr GmbH","description":"Serving Heroes. Since 1864.","publisher":{"@id":"https:\/\/www.magirus-lohr.at\/homepage\/#organization"},"potentialAction":[{"@type":"SearchAction","target":{"@type":"EntryPoint","urlTemplate":"https:\/\/www.magirus-lohr.at\/homepage\/?s={search_term_string}"},"query-input":{"@type":"PropertyValueSpecification","valueRequired":true,"valueName":"search_term_string"}}],"inLanguage":"de"},{"@type":"Organization","@id":"https:\/\/www.magirus-lohr.at\/homepage\/#organization","name":"Magirus Lohr GmbH","url":"https:\/\/www.magirus-lohr.at\/homepage\/","logo":{"@type":"ImageObject","inLanguage":"de","@id":"https:\/\/www.magirus-lohr.at\/homepage\/#\/schema\/logo\/image\/","url":"https:\/\/www.magirus-lohr.at\/homepage\/wp-content\/uploads\/2020\/12\/Magirus_Lohr_RGB1.png","contentUrl":"https:\/\/www.magirus-lohr.at\/homepage\/wp-content\/uploads\/2020\/12\/Magirus_Lohr_RGB1.png","width":1006,"height":225,"caption":"Magirus Lohr GmbH"},"image":{"@id":"https:\/\/www.magirus-lohr.at\/homepage\/#\/schema\/logo\/image\/"},"sameAs":["https:\/\/www.facebook.com\/magiruslohr\/"]}]}},"_links":{"self":[{"href":"https:\/\/www.magirus-lohr.at\/homepage\/wp-json\/wp\/v2\/pages\/253021","targetHints":{"allow":["GET"]}}],"collection":[{"href":"https:\/\/www.magirus-lohr.at\/homepage\/wp-json\/wp\/v2\/pages"}],"about":[{"href":"https:\/\/www.magirus-lohr.at\/homepage\/wp-json\/wp\/v2\/types\/page"}],"author":[{"embeddable":true,"href":"https:\/\/www.magirus-lohr.at\/homepage\/wp-json\/wp\/v2\/users\/2"}],"replies":[{"embeddable":true,"href":"https:\/\/www.magirus-lohr.at\/homepage\/wp-json\/wp\/v2\/comments?post=253021"}],"version-history":[{"count":38,"href":"https:\/\/www.magirus-lohr.at\/homepage\/wp-json\/wp\/v2\/pages\/253021\/revisions"}],"predecessor-version":[{"id":259067,"href":"https:\/\/www.magirus-lohr.at\/homepage\/wp-json\/wp\/v2\/pages\/253021\/revisions\/259067"}],"wp:attachment":[{"href":"https:\/\/www.magirus-lohr.at\/homepage\/wp-json\/wp\/v2\/media?parent=253021"}],"curies":[{"name":"wp","href":"https:\/\/api.w.org\/{rel}","templated":true}]}}